{"id":22,"date":"2018-04-06T18:16:33","date_gmt":"2018-04-06T18:16:33","guid":{"rendered":"http:\/\/vahansen.bplaced.net\/wordpress\/?page_id=22"},"modified":"2018-06-09T11:02:13","modified_gmt":"2018-06-09T11:02:13","slug":"lest-og-sett","status":"publish","type":"page","link":"http:\/\/vahansen.bplaced.net\/wordpress\/?page_id=22","title":{"rendered":"Spr\u00e5kside"},"content":{"rendered":"<pre><strong><span style=\"color: #800000;\">SPR<\/span><\/strong><strong><span style=\"color: #800000;\">\u00c5KSIDE<\/span>  <a href=\"http:\/\/vahansen.bplaced.net\/wordpress\/?page_id=317\">UNDERVISNING<\/a>  <a href=\"http:\/\/vahansen.bplaced.net\/wordpress\/?page_id=319\">ARTIKLER OG FOREDRAG<\/a>  <a href=\"http:\/\/vahansen.bplaced.net\/wordpress\/?page_id=321\">STUDIER<\/a><\/strong><\/pre>\n<p><img loading=\"lazy\" class=\"size-medium wp-image-123 alignright\" src=\"http:\/\/vahansen.bplaced.net\/wordpress\/wp-content\/uploads\/2018\/04\/received_10156187000579602_kutt-275x300.jpg\" alt=\"\" width=\"275\" height=\"300\" srcset=\"http:\/\/vahansen.bplaced.net\/wordpress\/wp-content\/uploads\/2018\/04\/received_10156187000579602_kutt-275x300.jpg 275w, http:\/\/vahansen.bplaced.net\/wordpress\/wp-content\/uploads\/2018\/04\/received_10156187000579602_kutt-768x839.jpg 768w, http:\/\/vahansen.bplaced.net\/wordpress\/wp-content\/uploads\/2018\/04\/received_10156187000579602_kutt.jpg 854w\" sizes=\"(max-width: 275px) 100vw, 275px\" \/><\/p>\n<p>Det er ingen overdrivelse \u00e5 si at jeg er veldig interessert i spr\u00e5k. Spr\u00e5kinteressen har formet livet mitt p\u00e5 mange m\u00e5ter: Jeg jobber som <a href=\"http:\/\/www.hf.uio.no\/iln\/personer\/vit\/norsk-for-internasjonale-studenter\/fast\/vahansen\/index.html\">norsklektor for internasjonale studenter<\/a>, har undervist i norsk som fremmedspr\u00e5k\/andrespr\u00e5k siden 2008, i det hele tatt <a href=\"http:\/\/vahansen.bplaced.net\/wordpress\/?page_id=319\">skrevet og forelest<\/a> mye om spr\u00e5k, <a href=\"http:\/\/vahansen.bplaced.net\/wordpress\/?page_id=321\">studiene mine<\/a> besto av spr\u00e5k over hele fj\u00f8la, og det var tyskstudiet som lokket meg til Tyskland i april 2006. (Lite visste jeg den gang om at det skulle bli s\u00e5 mye som 10 \u00e5r i Tyskland.)<\/p>\n<p>Jeg synes det meste som har med spr\u00e5k \u00e5 gj\u00f8re, er interessant, men dialekter\/spr\u00e5khistorie, fonetikk og grammatikk topper kransekaka.\u00a0Bildet er fra Sch\u00e6fferg\u00e5rden i Gentofte hvor jeg holdt et foredrag om tonelag i norske substantivsammensetninger i januar 2018.<\/p>\n<p>Ifg\u00f8le en udner\u00f8kelse ved Cmarbidge Uinevrisett sipller det ignen rlloe i hvliken r\u00f8fgekkele bokstvanee er. Det estnee som er vktig er at fst\u00f8re og stise boksatv er p\u00e5 rktiig setd, retsen kan vr\u00e6e hltuer til bluter og du kan ftotsart lsee uetn prblomeer. Dtete er frodi den mnesnekliege hrjene ikke lseer hevr boksatv for seg slev, men odret i sin hleehht. Mrekleig, ikke snat?<\/p>\n","protected":false},"excerpt":{"rendered":"<p>SPR\u00c5KSIDE UNDERVISNING ARTIKLER OG FOREDRAG STUDIER Det er ingen overdrivelse \u00e5 si at jeg er veldig interessert i spr\u00e5k. Spr\u00e5kinteressen<\/p>\n","protected":false},"author":1,"featured_media":0,"parent":0,"menu_order":0,"comment_status":"closed","ping_status":"closed","template":"","meta":[],"_links":{"self":[{"href":"http:\/\/vahansen.bplaced.net\/wordpress\/index.php?rest_route=\/wp\/v2\/pages\/22"}],"collection":[{"href":"http:\/\/vahansen.bplaced.net\/wordpress\/index.php?rest_route=\/wp\/v2\/pages"}],"about":[{"href":"http:\/\/vahansen.bplaced.net\/wordpress\/index.php?rest_route=\/wp\/v2\/types\/page"}],"author":[{"embeddable":true,"href":"http:\/\/vahansen.bplaced.net\/wordpress\/index.php?rest_route=\/wp\/v2\/users\/1"}],"replies":[{"embeddable":true,"href":"http:\/\/vahansen.bplaced.net\/wordpress\/index.php?rest_route=%2Fwp%2Fv2%2Fcomments&post=22"}],"version-history":[{"count":12,"href":"http:\/\/vahansen.bplaced.net\/wordpress\/index.php?rest_route=\/wp\/v2\/pages\/22\/revisions"}],"predecessor-version":[{"id":369,"href":"http:\/\/vahansen.bplaced.net\/wordpress\/index.php?rest_route=\/wp\/v2\/pages\/22\/revisions\/369"}],"wp:attachment":[{"href":"http:\/\/vahansen.bplaced.net\/wordpress\/index.php?rest_route=%2Fwp%2Fv2%2Fmedia&parent=22"}],"curies":[{"name":"wp","href":"https:\/\/api.w.org\/{rel}","templated":true}]}}