{"id":131,"date":"2018-04-06T21:58:06","date_gmt":"2018-04-06T21:58:06","guid":{"rendered":"http:\/\/vahansen.bplaced.net\/wordpress\/?page_id=131"},"modified":"2018-06-09T16:37:50","modified_gmt":"2018-06-09T16:37:50","slug":"litteratur-sang-film","status":"publish","type":"page","link":"http:\/\/vahansen.bplaced.net\/wordpress\/?page_id=131","title":{"rendered":"Sang, litteratur, film"},"content":{"rendered":"<pre><strong><span style=\"color: #800000;\">(SALIFI)<\/span>\u00a0 <a href=\"http:\/\/vahansen.bplaced.net\/wordpress\/?page_id=403\">KONSERTER<\/a>\u00a0 <a href=\"http:\/\/vahansen.bplaced.net\/wordpress\/?page_id=399\">B\u00d8KER<\/a>\u00a0 <a href=\"http:\/\/vahansen.bplaced.net\/wordpress\/?page_id=401\">FILMER<\/a>\u00a0 <a href=\"http:\/\/vahansen.bplaced.net\/wordpress\/?page_id=405\">TEATER<\/a><\/strong><\/pre>\n<p>Sang, litteratur og delvis film er ogs\u00e5 noe som fyller fritida mi.<\/p>\n<p><img loading=\"lazy\" class=\"size-medium wp-image-59 alignright\" src=\"http:\/\/vahansen.bplaced.net\/wordpress\/wp-content\/uploads\/2018\/04\/stj\u00e4rngosse2-147x300.jpg\" alt=\"\" width=\"147\" height=\"300\" srcset=\"http:\/\/vahansen.bplaced.net\/wordpress\/wp-content\/uploads\/2018\/04\/stj\u00e4rngosse2-147x300.jpg 147w, http:\/\/vahansen.bplaced.net\/wordpress\/wp-content\/uploads\/2018\/04\/stj\u00e4rngosse2-501x1024.jpg 501w, http:\/\/vahansen.bplaced.net\/wordpress\/wp-content\/uploads\/2018\/04\/stj\u00e4rngosse2.jpg 630w\" sizes=\"(max-width: 147px) 100vw, 147px\" \/><\/p>\n<p>I 2009 begynte jeg \u00e5 <a href=\"http:\/\/vahansen.bplaced.net\/wordpress\/?page_id=403\">synge i kor<\/a>, og det gj\u00f8r jeg fortsatt. Det gir meg utrolig mye \u00e5 pr\u00f8ve \u00e5 skape noe sammen med de andre i koret, og det motiverer ekstra \u00e5 ha en veldig dyktig korleder som vet \u00e5 l\u00e6re fra seg. Moroa begynte med det skandinaviske koret i Freiburg i 2009, fortsatte med det skandinaviske koret i G\u00f6ttingen i 2011 og siden jeg kom tilbake til Norge i august 2016, har jeg sunget\u00a0i universitetets hyggelige ansattkor <a href=\"https:\/\/weblogin.uio.no\/simplesaml\/module.php\/delegate\/login.php?AuthState=_22879014c9df432cf79c61a3b67070b84ad3e26b55%3Ahttps%3A%2F%2Fweblogin.uio.no%2Fsimplesaml%2Fsaml2%2Fidp%2FSSOService.php%3Fspentityid%3Dhttps%253A%252F%252Fforeninger.uio.no%26cookieTime%3D1473365335%26RelayState%3Dhttps%253A%252F%252Fforeninger.uio.no%252Funikor%252Fmedlem%252Fstarthjelp.html%253FauthTicket%253DhcohVrHteRg2jPLOGkPWyw\">Unikor<\/a>.\u00a0Bildet er fra min aller f\u00f8rste koropptreden: Lucia-konserten i Freiburg (2009). Jeg synes jeg er ganske fin som stj\u00e4rngosse \ud83d\ude42<\/p>\n<p><img loading=\"lazy\" class=\"size-medium wp-image-397 alignleft\" src=\"http:\/\/vahansen.bplaced.net\/wordpress\/wp-content\/uploads\/2018\/06\/dosto-300x225.jpeg\" alt=\"\" width=\"300\" height=\"225\" srcset=\"http:\/\/vahansen.bplaced.net\/wordpress\/wp-content\/uploads\/2018\/06\/dosto-300x225.jpeg 300w, http:\/\/vahansen.bplaced.net\/wordpress\/wp-content\/uploads\/2018\/06\/dosto-768x576.jpeg 768w, http:\/\/vahansen.bplaced.net\/wordpress\/wp-content\/uploads\/2018\/06\/dosto-1024x768.jpeg 1024w, http:\/\/vahansen.bplaced.net\/wordpress\/wp-content\/uploads\/2018\/06\/dosto.jpeg 2048w\" sizes=\"(max-width: 300px) 100vw, 300px\" \/><\/p>\n<p>Sommeren 2011 oppdaget jeg ogs\u00e5 gleden av \u00e5 lese\u00a0god <a href=\"http:\/\/vahansen.bplaced.net\/wordpress\/?page_id=399\">skj\u00f8nnlitteratur<\/a>. Det begynte med <em>Prosessen<\/em> av Kafka, som skuffet meg, og fortsatte med <em>Frankenstein<\/em> av Mary Shelley, som overrasket meg positivt. Med \u00e5rene har Dostojevskij blitt en stor favoritt, og jeg har lest alle hans kjente verker. P\u00e5 bildet sitter jeg og lytter til informasjon om Dostojevskij p\u00e5 det flotte Dostojevskij-museet i St. Petersburg, hvor jeg var i juli 2017. Da passet det egentlig godt at jeg p\u00e5 b\u00e5ten fra St. Petersburg ble ferdig med den aller siste store Dostojevskij-romanen, <em>De besatte<\/em> (<em>B\u00f6se Geister<\/em> p\u00e5 tysk). Joda, jeg pr\u00f8ver \u00e5 lese all litteratur p\u00e5 tysk n\u00e5 som jeg ikke lenger konfronteres med tysk i hverdagen \ud83d\ude42<\/p>\n<p><a href=\"http:\/\/vahansen.bplaced.net\/wordpress\/?page_id=401\">Filmer<\/a> s\u00e5 jeg veldig mye p\u00e5 i \u00e5rene rundt 2000, men det har dabbet litt av de siste \u00e5rene. Det er ingen overdrivelse \u00e5 si at sang og litteratur har tatt over filmens rolle. Jeg har ogs\u00e5 laget ei liste over <a href=\"http:\/\/vahansen.bplaced.net\/wordpress\/?page_id=405\">teaterbes\u00f8k<\/a>, men den er for \u00f8yeblikket veldig kort.<\/p>\n","protected":false},"excerpt":{"rendered":"<p>(SALIFI)\u00a0 KONSERTER\u00a0 B\u00d8KER\u00a0 FILMER\u00a0 TEATER Sang, litteratur og delvis film er ogs\u00e5 noe som fyller fritida mi. I 2009 begynte<\/p>\n","protected":false},"author":1,"featured_media":0,"parent":0,"menu_order":0,"comment_status":"closed","ping_status":"closed","template":"","meta":[],"_links":{"self":[{"href":"http:\/\/vahansen.bplaced.net\/wordpress\/index.php?rest_route=\/wp\/v2\/pages\/131"}],"collection":[{"href":"http:\/\/vahansen.bplaced.net\/wordpress\/index.php?rest_route=\/wp\/v2\/pages"}],"about":[{"href":"http:\/\/vahansen.bplaced.net\/wordpress\/index.php?rest_route=\/wp\/v2\/types\/page"}],"author":[{"embeddable":true,"href":"http:\/\/vahansen.bplaced.net\/wordpress\/index.php?rest_route=\/wp\/v2\/users\/1"}],"replies":[{"embeddable":true,"href":"http:\/\/vahansen.bplaced.net\/wordpress\/index.php?rest_route=%2Fwp%2Fv2%2Fcomments&post=131"}],"version-history":[{"count":12,"href":"http:\/\/vahansen.bplaced.net\/wordpress\/index.php?rest_route=\/wp\/v2\/pages\/131\/revisions"}],"predecessor-version":[{"id":457,"href":"http:\/\/vahansen.bplaced.net\/wordpress\/index.php?rest_route=\/wp\/v2\/pages\/131\/revisions\/457"}],"wp:attachment":[{"href":"http:\/\/vahansen.bplaced.net\/wordpress\/index.php?rest_route=%2Fwp%2Fv2%2Fmedia&parent=131"}],"curies":[{"name":"wp","href":"https:\/\/api.w.org\/{rel}","templated":true}]}}